((-282)/3)/(m/6)?
2
Let r(l) = 5731*l**2 - 5*l - 1. Let f be r(-2). Suppose 31*q - 9617 = f. What is the thousands digit of q?
1
Suppose -2*d + 15 + 0 = z, z + 3 = d. Let c = -29 + 84. Suppose -5*r = 3*p - 128, -p + d*p - c = -2*r. What is the units digit of r?
5
Suppose -7*o = 3*o - 30. Suppose -23 + 29 = o*q. Suppose -q*v + 2*p = -178, -4*v - 3*p = 2*p - 392. What is the tens digit of v?
9
Let w(p) = 83*p**2 + 4*p - 12. Let l be w(4). Suppose 4*g - l = -0*g. What is the hundreds digit of g?
3
What is the thousands digit of (-330)/(-231) + (-239424)/(-42)?
5
Let y(u) = -10 - 98*u**3 + 44*u - u**2 + 9 - 51*u. What is the hundreds digit of y(-2)?
7
Let m(s) be the first derivative of -11*s**2/2 - 20*s + 46. Let k be m(-2). Suppose 5*t - 1445 = -k*i, 3*i - 57 - 219 = -t. What is the hundreds digit of t?
2
Let z = -22525 - -40000. What is the hundreds digit of z?
4
Suppose 4*b - 5*r = 1, -3*b - 13 = -2*r - 5. What is the tens digit of (-4071)/b + -1*(-12)/(-8)?
7
Suppose 91231 = -332*k + 2093415 + 312852. What is the hundreds digit of k?
9
Let v(o) = o**2 + 9*o + 2. Let b be v(-9). Let f(t) = -b*t - 2*t + 7 + 6 + 5*t. What is the units digit of f(-6)?
7
Let w be (-6 - 561/(-88)) + (-41546)/(-16). Suppose 0 = -5*b + 2*y + w, -4*b + 2111 - 32 = -3*y. What is the hundreds digit of b?
5
Let h = 54209 + -18678. What is the tens digit of h?
3
Suppose -4*n = 5*p - 68699, 4*n + 27450 = 2*p + 13*n. What is the ten thousands digit of p?
1
Suppose -416 = -4*v + 60. Suppose 241 = 5*s - v. Suppose 0 = -12*l + 15*l - s. What is the tens digit of l?
2
Let s = 910 + -542. What is the hundreds digit of (s/(-64))/((-1)/56)?
3
Suppose 10 = -3*c - 5, y - 2*c - 13 = 0. Suppose 4*b - 3*r - 3993 = 0, 0 = -y*b + b + r + 1995. What is the tens digit of b?
9
Let y(c) be the third derivative of -c**6/120 + 13*c**5/60 + 5*c**4/6 - 19*c**3/6 - 74*c**2. What is the tens digit of y(14)?
6
Let y(z) = 4807*z + 239. What is the ten thousands digit of y(8)?
3
Let u(h) = -39*h**3 - 8*h**2 - 23*h + 107. What is the ten thousands digit of u(-10)?
3
Suppose 0 = 5*l - 92 + 82. Suppose -7*f + l*f = -15. What is the units digit of 81*((-2)/(-3) + f/(-9))?
7
Suppose 3921 = -6*k - 3483. Let u = k + 2529. What is the tens digit of u?
9
Suppose 32 = -362*l + 361*l. What is the tens digit of (-192)/l - (0 + -108)?
1
Let p(t) = 2*t**2 + t + 4. Let a be p(0). Let c be 6*((-20)/6 + a). Suppose 8 + 10 = o + c*u, 2*u = -2*o + 66. What is the tens digit of o?
3
Let n be 3/9 - 42/(-9). Let g be (44/n)/(2/(-10)). Let r = 87 + g. What is the tens digit of r?
4
Suppose 306*z + 1481032 = 9280054. What is the ten thousands digit of z?
2
Let j = 27800 - 11793. What is the units digit of j?
7
Let z(x) = 17*x + 142. Let m be z(-19). Let l = m + 206. What is the units digit of l?
5
Let n(c) = -2*c + 2. Let d be n(-4). Suppose d*g - 3*g = 3885. Suppose -3*t + g = 2*t. What is the hundreds digit of t?
1
Let b be -6 + 1 + -5 + (23 - -2). Suppose 20*r + 3*k - 1419 = b*r, 549 = 2*r - 5*k. What is the hundreds digit of r?
2
Suppose 7213*q = 7253*q - 559360. What is the ten thousands digit of q?
1
Let t be (6*(4 + (-15)/(-10)))/(-1). What is the units digit of -3*(0 + t) - (-7 + 7)?
9
Suppose 80555 = 4*d - 2493. What is the ten thousands digit of d?
2
Suppose 14371 - 105201 = -2*m. What is the tens digit of m?
1
Suppose -9*i = -16 - 2. Suppose i*a + 464 = -5*y, 5*a + 1202 = 3*y - 5*y. Let x = a + 465. What is the units digit of x?
3
Let m = -144 + 152. Suppose -4*x - m*t = -6*t - 1218, 0 = -x - 3*t + 292. What is the tens digit of x?
0
What is the hundreds digit of 1466595/(-234)*4/(-10)?
5
Let l(b) = b**3 - 13*b**2 + b. Let u = -129 + 189. Let d = -47 + u. What is the units digit of l(d)?
3
Let s = -252 + 262. Suppose -13*k = -s*k - 1125. What is the tens digit of k?
7
Let v = 2989 - -47. What is the tens digit of v?
3
Suppose -260*q - 269*q = -532*q + 173814. What is the hundreds digit of q?
9
Let b(q) = 5*q**2 + 34*q - 5. Let o be b(-7). What is the hundreds digit of (-3)/(15/(-2860)) - o?
5
What is the hundreds digit of ((-1440)/28)/((7 - 9)/938)?
1
Let p(q) = -5*q**2 + 56*q - 33. Let h be p(10). Let v(x) = 31*x + 314. What is the tens digit of v(h)?
5
What is the units digit of (-8)/14 + (48/(-648) - 10284100/(-945))?
2
Suppose 0 = 2*g - 16*i + 12*i - 80898, 0 = -4*g + 4*i + 161828. What is the units digit of g?
5
Suppose 161*y - 133661 = -4*w + 158*y, 3*w - 5*y = 100282. What is the hundreds digit of w?
4
Let v be -31 - (3 - (3 + 0))/1. Let x = 28 + v. What is the hundreds digit of 128*(1 + -3 - x)?
1
Let p(u) = -u**3 + 19*u**2 + 20*u - 4. Let o be p(20). Let j(a) = -2*a - 2. Let q be j(o). Suppose 80 = q*c + 2*c. What is the tens digit of c?
1
Let v(y) = y**3 - 12*y**2 + 11*y - 3. Let l be v(11). What is the units digit of (-1 - l) + 714*(3 + -1)?
0
Suppose 4*w = 87 - 71. Let l be 84 + w/((-4)/(-3)). Suppose 9 = -s + l. What is the tens digit of s?
7
Let o = -18305 - -28488. What is the hundreds digit of o?
1
Let j = 274 - 181. Suppose -4 = -j*z + 94*z. What is the tens digit of -2 + z + 6 + 84?
8
Let s be (-9)/(5/(30/(-27))). Suppose 3*t + 132 - 20 = s*n, -4*n + 4*t + 228 = 0. What is the tens digit of n?
5
Let n = 3368 - 3115. What is the tens digit of n?
5
Suppose 0 = -6*n + 2*n - 132. What is the hundreds digit of (-6)/n + 2682/11?
2
Suppose 2*a + 2302 - 6878 = 0. What is the hundreds digit of (-2 + a/(-2))/((-111)/74)?
7
Suppose -33*l + 203845 = 67555. What is the thousands digit of l?
4
What is the units digit of 1 + 104/(-65) + (-30888)/(-5)?
7
Let t = 39 - 39. Suppose s + 4*f - 1 = t, 0*s + f - 14 = -3*s. Suppose 2*h = s*m + 94 + 8, -2*m + 226 = 5*h. What is the tens digit of h?
4
What is the thousands digit of 1/(-3)*21 - (-3 + -2238)?
2
Suppose c - 4*g = -5*g + 3969, -3*c + 3*g + 11889 = 0. Suppose 11*t - 852 - c = 0. What is the hundreds digit of t?
4
Let g(h) = 12*h**2 + 5*h - 18. Let j(t) = t + 1. Let y(s) = g(s) - 3*j(s). Let l be y(-5). Let v = -175 + l. What is the units digit of v?
4
Let r(z) = -18*z + 11. Let a(d) = -37*d + 21. Let s(f) = 4*a(f) - 9*r(f). Let v be s(-7). Let t = 198 + v. What is the tens digit of t?
8
Let u(k) = k - 12. Let l be u(15). Suppose -l*s + 4*y = 2*s + 36, -y + 16 = -3*s. What is the tens digit of 102 - -8*s/8?
9
Let x(c) = 36*c**2 + 12*c - 24. What is the tens digit of x(-3)?
6
Let z(f) = 18*f**3 - 11*f**2 - 40*f + 92. What is the hundreds digit of z(10)?
5
Let b(g) = 1295*g**2 + 57*g - 218. What is the thousands digit of b(5)?
2
Suppose -2*m + 6*m - 4*b = 36, -4*b - 20 = 0. Let q(h) = 11*h + 363. Let g be q(-40). What is the units digit of (m + 0)*g/(-4) - -3?
0
Let u = 45 - 49. Let w be 0/(-4) + 142/u*4. Let g = w - -273. What is the tens digit of g?
3
Suppose -50274 = 383*p - 440*p. What is the hundreds digit of p?
8
Let g(o) = -o**2 - 27*o + 96. Let v be g(21). Let u = v - -1791. What is the units digit of u?
9
What is the hundreds digit of -3 + 7676 + 5 + 13?
6
Let n = -40 + 42. Suppose 8*j - 4*b = 4*j + 1828, n*j - 920 = -b. What is the units digit of j?
9
Suppose -2*y - 4 + 18 = 0. Let t(s) = 15 - y*s**2 - 10*s**2 + 22*s**2 + 5*s. What is the tens digit of t(-6)?
6
Let g = -3709 + 6834. What is the thousands digit of g?
3
Let q(g) = 193*g**2 + 5*g + 36. What is the hundreds digit of q(-5)?
8
Let k = -171 - -172. What is the tens digit of 377/k - (29 - 34)?
8
Let n = -103 - 54. Let a = 1140 + n. What is the units digit of a?
3
Let y(l) = 89*l**3 - 140*l**2 + 551*l - 3. What is the thousands digit of y(4)?
5
Let d = 12240 + -10354. What is the thousands digit of d?
1
Let p(o) = 17*o**2 - 937*o - 193. What is the hundreds digit of p(75)?
1
Let g = 10 - 22. Let j = g - -19. What is the units digit of 6/126*201 + (-4)/j?
9
Let r = 859 + 8805. What is the thousands digit of r?
9
Let m(w) = -610*w + 38. Let y be m(7). What is the hundreds digit of y/(-23) - 0/(-2)?
1
Suppose -2*z + 5*j + 18494 = 0, 0 = -2*z - 2*j + 7826 + 10668. What is the tens digit of z?
4
Let b be (-61828)/286 + (-2)/(-11). Let w = b - -825. What is the tens digit of w?
0
Let j(s) = -5*s + 19*s + 56*s - 15. What is the tens digit of j(2)?
2
Suppose -k + 2*s + 6 = -s, 3*k = 2*s + 4. What is the units digit of (-16)/(-32)*(k + 28)?
4
Suppose 0 = 2*b + 5*r - 403, 9*r = 3*b + 6*r - 657. Supp